 2189000?
True
Is 3763386 a multiple of 22?
True
Is 136 a factor of 212569?
False
Does 176 divide 2176064?
True
Is 129900 a multiple of 75?
True
Is 551906 a multiple of 10?
False
Is 15857 a multiple of 3?
False
Is 31 a factor of 153171?
True
Is 59 a factor of 3314620?
True
Is 1047395 a multiple of 235?
True
Is 17 a factor of 21314?
False
Is 36 a factor of 1895298?
False
Is 25 a factor of 163225?
True
Is 1111475 a multiple of 13?
False
Is 3277 a multiple of 122?
False
Does 18 divide 402120?
True
Is 7 a factor of 10983?
True
Does 104 divide 35256?
True
Does 134 divide 466722?
True
Does 9 divide 3015522?
True
Does 833 divide 4724776?
True
Is 11 a factor of 263524?
False
Does 76 divide 6061912?
True
Is 333 a factor of 4416246?
True
Does 432 divide 130380?
False
Is 131 a factor of 34191?
True
Is 107 a factor of 3135415?
False
Does 6 divide 246126?
True
Does 49 divide 404814?
False
Is 136 a factor of 5278698?
False
Is 157 a factor of 137545?
False
Is 1735174 a multiple of 277?
False
Is 9 a factor of 1371860?
False
Is 32 a factor of 222272?
True
Is 3768455 a multiple of 1204?
False
Does 28 divide 1823920?
True
Is 28 a factor of 26088804?
True
Is 657 a factor of 27791449?
False
Does 11 divide 18086?
False
Is 4370532 a multiple of 40?
False
Does 495 divide 1134470?
False
Is 5635391 a multiple of 89?
True
Does 48 divide 1553333?
False
Is 459 a factor of 262474?
False
Is 49 a factor of 3498593?
False
Does 1662 divide 15908867?
False
Is 42978 a multiple of 133?
False
Is 15 a factor of 488295?
True
Is 167 a factor of 13336954?
True
Does 19 divide 3790253?
True
Is 12 a factor of 1071360?
True
Does 727 divide 3187168?
True
Is 287 a factor of 419873?
False
Is 1152576 a multiple of 3?
True
Is 60882 a multiple of 16?
False
Is 59 a factor of 30021?
False
Does 42 divide 540918?
True
Does 140 divide 1058601?
False
Does 2487 divide 15857001?
False
Is 7039241 a multiple of 65?
False
Is 157677 a multiple of 169?
True
Does 15 divide 824209?
False
Does 11 divide 236995?
True
Is 9 a factor of 4515633?
True
Is 6 a factor of 3299103?
False
Is 20 a factor of 1332740?
True
Is 3003762 a multiple of 174?
True
Is 999840 a multiple of 865?
False
Is 5827875 a multiple of 15?
True
Does 75 divide 1629167?
False
Is 1085358 a multiple of 3?
True
Is 269834 a multiple of 8?
False
Is 13 a factor of 39201?
False
Is 19652 a multiple of 181?
False
Is 36122 a multiple of 40?
False
Is 136829 a multiple of 77?
True
Is 24 a factor of 30515614?
False
Is 124154 a multiple of 46?
True
Is 301842 a multiple of 21?
False
Does 64 divide 171227?
False
Does 646 divide 4537842?
False
Does 2 divide 58522?
True
Does 459 divide 7602417?
True
Does 9 divide 56052?
True
Does 205 divide 200007?
False
Is 1363520 a multiple of 412?
False
Is 50787 a multiple of 57?
True
Is 142 a factor of 9473755?
False
Does 3 divide 24635?
False
Is 26 a factor of 1240190?
False
Is 48744 a multiple of 3?
True
Does 51 divide 150167?
False
Is 16 a factor of 96432?
True
Does 118 divide 604868?
True
Is 281184 a multiple of 15?
False
Is 1934706 a multiple of 174?
True
Does 2 divide 1104800?
True
Is 89411 a multiple of 56?
False
Is 68815 a multiple of 5?
True
Is 44 a factor of 134684?
True
Is 11 a factor of 791648?
True
Does 192 divide 4743360?
True
Does 23 divide 736253?
True
Is 445260 a multiple of 30?
True
Is 1103 a factor of 1634772?
False
Is 3 a factor of 966735?
True
Is 11 a factor of 6663868?
False
Is 4312560 a multiple of 510?
True
Does 104 divide 6136?
True
Is 1139720 a multiple of 20?
True
Is 3331520 a multiple of 16?
True
Is 3876821 a multiple of 67?
True
Is 127 a factor of 7190613?
True
Is 869550 a multiple of 66?
True
Is 81300 a multiple of 6?
True
Does 60 divide 26512?
False
Is 711 a factor of 1136178?
True
Is 1248049 a multiple of 23?
True
Is 641 a factor of 1573014?
True
Is 21924 a multiple of 406?
True
Does 183 divide 662277?
True
Does 141 divide 375476?
False
Does 1261 divide 5283590?
True
Does 13 divide 69615?
True
Does 767 divide 2181348?
True
Does 37 divide 19783974?
True
Is 201 a factor of 12659084?
False
Does 74 divide 25549?
False
Is 4035290 a multiple of 119?
True
Is 64053 a multiple of 3?
True
Is 15 a factor of 169034?
False
Is 651319 a multiple of 200?
False
Does 398 divide 3972040?
True
Is 212 a factor of 179564?
True
Is 117 a factor of 4291560?
True
Does 11 divide 26356?
True
Is 143262 a multiple of 21?
True
Is 4795167 a multiple of 93?
False
Does 234 divide 6617520?
True
Is 34 a factor of 92333?
False
Does 40 divide 487923?
False
Is 15684480 a multiple of 140?
True
Does 25 divide 1130625?
True
Does 11 divide 159313?
True
Is 545 a multiple of 109?
True
Is 3681972 a multiple of 4?
True
Does 432 divide 803997?
False
Does 4 divide 307568?
True
Is 6469607 a multiple of 281?
False
Does 19 divide 8965?
False
Is 73 a factor of 141553?
False
Is 53513 a multiple of 12?
False
Is 217653 a multiple of 11?
False
Is 125 a factor of 109625?
True
Does 131 divide 87171?
False
Is 12585 a multiple of 36?
False
Does 180 divide 22538868?
False
Is 6 a factor of 47019?
False
Is 23885 a multiple of 36?
False
Is 123 a factor of 1538915?
False
Is 106468 a multiple of 2?
True
Is 113484 a multiple of 56?
False
Is 1011218 a multiple of 13?
True
Is 12 a factor of 1313818?
False
Does 1259 divide 4310816?
True
Is 3 a factor of 2712209?
False
Is 21 a factor of 14264019?
True
Does 214 divide 31082?
False
Is 9 a factor of 11678600?
False
Does 8 divide 6219864?
True
Is 9 a factor of 3908658?
False
Is 16 a factor of 8900736?
True
Is 7104 a multiple of 37?
True
Does 140 divide 104236?
False
Does 6 divide 312156?
True
Does 8 divide 43592?
True
Does 154 divide 61777?
False
Is 167628 a multiple of 197?
False
Is 331 a factor of 105589?
True
Does 876 divide 7274304?
True
Does 7 divide 648585?
True
Is 1732446 a multiple of 140?
False
Does 6 divide 43105?
False
Is 122628 a multiple of 33?
True
Is 13 a factor of 1593086?
False
Is 6 a factor of 513757?
False
Is 15 a factor of 12195?
True
Is 58 a factor of 113447?
False
Is 53 a factor of 976895?
False
Is 8 a factor of 177552?
True
Is 51 a factor of 240771?
True
Is 147 a factor of 4213878?
False
Does 41 divide 29597038?
False
Is 336232 a multiple of 106?
True
Does 133 divide 178920?
False
Is 101737 a multiple of 14?
False
Is 402 a factor of 848446?
False
Is 70 a factor of 7571130?
True
Is 708 a factor of 2298168?
True
Is 43 a factor of 317959?
False
Does 489 divide 1956959?
False
Is 127 a factor of 63246?
True
Is 1032384 a multiple of 386?
False
Does 2 divide 91446?
True
Does 760 divide 862600?
True
Does 23 divide 107680?
False
Is 168 a factor of 8042019?
False
Is 104 a factor of 319696?
True
Is 66 a factor of 16926671?
False
Does 91 divide 81955?
False
Is 44 a factor of 1447226?
False
Is 216 a factor of 270472?
False
Does 16 divide 164303?
False
Is 30 a factor of 1859352?
False
Does 594 divide 3179682?
True
Does 230 divide 153011?
False
Does 14 divide 229348?
True
Does 5 divide 2379705?
True
Does 284 divide 51664?
False
Is 231166 a multiple of 70?
False
Is 32594 a multiple of 13?
False
Is 580 a factor of 401940?
True
Does 32 divide 1342918?
False
Is 472 a factor of 6667472?
True
Is 357 a factor of 6132973?
False
Is 385 a factor of 97509?
False
Is 99066 a multiple of 158?
True
Is 21 a factor of 717538?
False
Does 108 divide 10577196?
True
Does 266 divide 786296?
True
Is 14 a factor of 4838437?
False
Is 451 a factor of 716188?
True
Does 10 divide 284870?
True
Is 568695 a multiple of 465?
True
Is 537976 a multiple of 12?
False
Is 24081793 a multiple of 382?
False
Does 5 divide 74790?
True
Does 55 divide 24860?
True
Is 5 a factor of 322077?
False
Is 17685 a multiple of 102?
False
Is 129211 a multiple of 53?
False
Is 820 a factor of 10145040?
True
Is 24 a factor of 292512?
True
Does 12 divide 12519084?
True
Does 5 divide 54160?
True
Is 19 a factor of 122132?
True
Is 35 a factor of 83510?
True
Is 227188 a multiple of 5?
False
Is 58403 a multiple of 50?
False
Is 5 a factor of 2581140?
True
Is 31 a factor of 219315?
False
Does 5 divide 43560?
True
Does 206 divide 452777?
False
Is 1578068 a multiple of 180?
False
Does 299 divide 362268?
False
Is 161 a factor of 149839?
False
Is 24347358 a multiple of 63?
True
Is 5 a factor of 665316?
False
Is 7279126 a multiple of 129?
False
Is 395 a factor of 357475?
True
